39?
5858639
List the prime factors of 614511.
3, 68279
List the prime factors of 4194756.
2, 3, 109, 1069
List the prime factors of 9821.
7, 23, 61
What are the prime factors of 944983?
13, 157, 463
List the prime factors of 196941.
3, 65647
What are the prime factors of 3531813?
3, 73, 16127
List the prime factors of 599628.
2, 3, 107, 467
List the prime factors of 619818.
2, 3, 19, 5437
What are the prime factors of 1705789?
101, 16889
List the prime factors of 1659209.
487, 3407
List the prime factors of 150393.
3, 50131
What are the prime factors of 13654670?
2, 5, 1365467
What are the prime factors of 5968?
2, 373
What are the prime factors of 3144693?
3, 103, 10177
What are the prime factors of 386696?
2, 48337
List the prime factors of 209926.
2, 43, 2441
List the prime factors of 15198137.
1709, 8893
What are the prime factors of 6885186?
2, 3, 7, 11, 2129
List the prime factors of 6978888.
2, 3, 7, 61, 227
What are the prime factors of 805335?
3, 5, 53, 1013
What are the prime factors of 1988785?
5, 397757
What are the prime factors of 1837931?
1837931
What are the prime factors of 16171416?
2, 3, 224603
What are the prime factors of 1014666?
2, 3, 169111
List the prime factors of 571524.
2, 3, 97, 491
List the prime factors of 132837.
3, 44279
What are the prime factors of 5547729?
3, 11, 17, 29, 31
What are the prime factors of 1425124?
2, 97, 3673
What are the prime factors of 1563425?
5, 23, 2719
List the prime factors of 9545921.
7, 11, 123973
What are the prime factors of 448324?
2, 17, 19, 347
List the prime factors of 453863.
97, 4679
List the prime factors of 31449432.
2, 3, 7, 131, 1429
What are the prime factors of 6939806?
2, 107, 32429
What are the prime factors of 18342?
2, 3, 1019
What are the prime factors of 4408582?
2, 113, 19507
List the prime factors of 235774.
2, 7, 11, 1531
List the prime factors of 2440975.
5, 251, 389
List the prime factors of 346470.
2, 3, 5, 11549
List the prime factors of 3137395.
5, 627479
What are the prime factors of 156856?
2, 7, 2801
What are the prime factors of 467891?
17, 1619
What are the prime factors of 7937872?
2, 409, 1213
What are the prime factors of 3054077?
13, 29, 8101
List the prime factors of 5655838.
2, 23, 122953
List the prime factors of 3387990.
2, 3, 5, 31, 3643
List the prime factors of 137681.
131, 1051
List the prime factors of 1133961.
3, 431, 877
What are the prime factors of 46586?
2, 23293
List the prime factors of 106844.
2, 26711
List the prime factors of 841196.
2, 210299
List the prime factors of 19367.
107, 181
List the prime factors of 30910273.
709, 43597
What are the prime factors of 1449828?
2, 3, 17, 23, 103
What are the prime factors of 7330751?
19, 353, 1093
What are the prime factors of 28603343?
641, 44623
List the prime factors of 4882.
2, 2441
List the prime factors of 5577655.
5, 1115531
What are the prime factors of 222809?
97, 2297
What are the prime factors of 490384?
2, 30649
What are the prime factors of 863693?
863693
What are the prime factors of 152613?
3, 31, 547
What are the prime factors of 1195382?
2, 227, 2633
What are the prime factors of 28971451?
17, 1704203
What are the prime factors of 209153?
7, 29879
What are the prime factors of 5730728?
2, 653, 1097
List the prime factors of 13278752.
2, 29, 41, 349
List the prime factors of 26025512.
2, 23, 141443
What are the prime factors of 1423080?
2, 3, 5, 59, 67
List the prime factors of 6357086.
2, 3178543
What are the prime factors of 10523032?
2, 13, 101183
List the prime factors of 2429868.
2, 3, 7, 28927
What are the prime factors of 73643?
73643
What are the prime factors of 7061099?
79, 89381
What are the prime factors of 13219468?
2, 1063, 3109
What are the prime factors of 508628?
2, 127157
List the prime factors of 49996.
2, 29, 431
What are the prime factors of 3065986?
2, 7, 11, 43, 463
List the prime factors of 3036579.
3, 7, 13, 227
List the prime factors of 694580.
2, 5, 34729
What are the prime factors of 223383?
3, 19, 3919
What are the prime factors of 463634?
2, 23, 10079
What are the prime factors of 5162816?
2, 80669
What are the prime factors of 1909354?
2, 954677
What are the prime factors of 199589?
13, 1181
What are the prime factors of 22163827?
7, 383, 1181
What are the prime factors of 16260321?
3, 7, 11, 43, 1637
What are the prime factors of 4036844?
2, 7, 144173
List the prime factors of 355085.
5, 47, 1511
What are the prime factors of 1307831?
7, 83, 2251
List the prime factors of 1728980.
2, 5, 11, 29, 271
List the prime factors of 543481.
101, 5381
List the prime factors of 28467.
3, 3163
What are the prime factors of 321240?
2, 3, 5, 2677
What are the prime factors of 5026190?
2, 5, 13, 23, 41
List the prime factors of 260126.
2, 113, 1151
List the prime factors of 1404017.
181, 7757
What are the prime factors of 253878?
2, 3, 17, 19, 131
What are the prime factors of 26475836?
2, 6618959
What are the prime factors of 1139754?
2, 3, 7, 11, 2467
List the prime factors of 795451.
79, 10069
List the prime factors of 614379.
3, 204793
List the prime factors of 559029.
3, 186343
List the prime factors of 4132863.
3, 7, 37, 197
What are the prime factors of 200260?
2, 5, 17, 19, 31
List the prime factors of 162487.
13, 29, 431
What are the prime factors of 716352?
2, 3, 7, 13, 41
List the prime factors of 434287.
7, 8863
List the prime factors of 27700149.
3, 769, 12007
List the prime factors of 668828.
2, 271, 617
List the prime factors of 2242496.
2, 37, 947
List the prime factors of 1613613.
3, 19, 28309
What are the prime factors of 1355220?
2, 3, 5, 7529
What are the prime factors of 5775493?
587, 9839
What are the prime factors of 552027?
3, 7, 97, 271
What are the prime factors of 383981?
13, 29537
What are the prime factors of 302088?
2, 3, 41, 307
List the prime factors of 39877136.
2, 13, 191717
What are the prime factors of 1349594?
2, 23, 29339
What are the prime factors of 163804?
2, 31, 1321
List the prime factors of 147981.
3, 107, 461
List the prime factors of 233194.
2, 13, 8969
List the prime factors of 1574624.
2, 49207
List the prime factors of 11132129.
1423, 7823
What are the prime factors of 12424?
2, 1553
List the prime factors of 5486590.
2, 5, 227, 2417
List the prime factors of 167694.
2, 3, 19, 1471
What are the prime factors of 611282?
2, 7, 47, 929
What are the prime factors of 18719555?
5, 227, 16493
List the prime factors of 48270.
2, 3, 5, 1609
List the prime factors of 2159341.
59, 36599
List the prime factors of 3400560.
2, 3, 5, 4723
List the prime factors of 649012.
2, 7, 13, 1783
What are the prime factors of 20864872?
2, 7, 67, 83
What are the prime factors of 259254?
2, 3, 4801
What are the prime factors of 46048?
2, 1439
List the prime factors of 4526865.
3, 5, 7, 2053
What are the prime factors of 1253501?
199, 6299
List the prime factors of 217018.
2, 19, 5711
List the prime factors of 17351.
17351
What are the prime factors of 948279?
3, 43, 7351
List the prime factors of 415104.
2, 3, 23, 47
What are the prime factors of 224574?
2, 3, 7, 5347
What are the prime factors of 37887076?
2, 47, 137, 1471
What are the prime factors of 11526?
2, 3, 17, 113
List the prime factors of 11791714.
2, 11, 359, 1493
List the prime factors of 3800575.
5, 67, 2269
List the prime factors of 4280064.
2, 3, 5573
What are the prime factors of 5488135?
5, 1097627
What are the prime factors of 447945?
3, 5, 29863
What are the prime factors of 1249619?
7, 17, 10501
List the prime factors of 4181726.
2, 2090863
List the prime factors of 250504.
2, 173, 181
What are the prime factors of 2340887?
2340887
List the prime factors of 2550787.
163, 15649
What are the prime factors of 2914498?
2, 317, 4597
What are the prime factors of 210281?
439, 479
List the prime factors of 24581832.
2, 3, 11, 93113
What are the prime factors of 233885?
5, 29, 1613
What are the prime factors of 106039?
19, 5581
List the prime factors of 1057287.
3, 7, 11, 23, 199
List the prime factors of 8569.
11, 19, 41
What are the prime factors of 22733568?
2, 3, 11, 13, 23
List the prime factors of 28786452.
2, 3, 163, 14717
List the prime factors of 2371382.
2, 13, 223, 409
What are the prime factors of 1915270?
2, 5, 7, 27361
List the prime factors of 1548541